e the greatest common divisor of 15851283 and 42.
21
Calculate the greatest common divisor of 328028 and 428.
4
Calculate the highest common divisor of 82170764 and 2236.
2236
What is the highest common divisor of 8917293 and 385?
77
Calculate the highest common factor of 177796 and 404.
4
What is the greatest common divisor of 580 and 3049790?
10
What is the highest common factor of 532950 and 14554?
38
What is the greatest common factor of 519557 and 621832?
4091
What is the highest common divisor of 20 and 72075275?
5
What is the greatest common divisor of 3528394 and 21238?
74
Calculate the highest common factor of 37111 and 2553.
37
Calculate the greatest common factor of 22591532 and 1444.
76
Calculate the highest common divisor of 5071433 and 29.
29
What is the greatest common factor of 16099349 and 7?
7
Calculate the highest common factor of 3046370 and 5.
5
Calculate the highest common factor of 9372 and 217427844.
852
Calculate the greatest common factor of 448433 and 4982.
53
Calculate the greatest common divisor of 57014 and 2015150.
1966
What is the greatest common factor of 597813 and 24617805?
6717
Calculate the highest common factor of 220 and 307752280.
220
What is the greatest common divisor of 44855928 and 273?
39
What is the highest common divisor of 2610 and 16719950?
290
Calculate the greatest common divisor of 949322 and 12254.
22
What is the greatest common factor of 1288068 and 264?
12
What is the greatest common factor of 1471 and 408773248?
1471
Calculate the greatest common divisor of 63 and 2707761.
21
Calculate the greatest common divisor of 504 and 396598041.
63
Calculate the greatest common divisor of 453096310 and 186.
62
What is the highest common divisor of 2723730 and 180?
30
Calculate the greatest common factor of 108830 and 995.
5
Calculate the greatest common divisor of 10836593 and 1919.
1919
What is the greatest common factor of 2898 and 962304?
42
What is the highest common factor of 15 and 10496490?
15
What is the highest common factor of 507496 and 1144?
88
What is the greatest common factor of 3538 and 278284?
58
What is the highest common factor of 31296 and 2771?
163
Calculate the greatest common factor of 1288022407 and 266.
133
Calculate the greatest common divisor of 12 and 67742.
2
What is the highest common divisor of 31736250 and 17850?
1050
Calculate the highest common factor of 227 and 2986.
1
What is the greatest common divisor of 45888482 and 14792?
3698
What is the greatest common divisor of 2256 and 1772363984?
752
Calculate the highest common factor of 38600960 and 90.
10
What is the greatest common factor of 516168 and 3096?
72
Calculate the greatest common factor of 1189 and 20749895.
41
What is the highest common divisor of 34277 and 372053?
227
Calculate the highest common divisor of 132211 and 15869879.
4559
What is the greatest common divisor of 31404 and 21738?
6
Calculate the highest common divisor of 43639200 and 6496.
928
What is the greatest common factor of 21161802 and 2749?
2749
Calculate the highest common factor of 4653844 and 8463.
403
Calculate the greatest common factor of 768 and 30429.
3
Calculate the greatest common factor of 24875642 and 44.
22
Calculate the greatest common divisor of 30392112 and 20604.
1212
Calculate the greatest common factor of 3587329 and 43007.
29
Calculate the highest common factor of 728 and 12405106.
14
Calculate the greatest common divisor of 156 and 6673620.
12
What is the greatest common divisor of 1932450 and 13650?
1950
What is the greatest common divisor of 3070 and 11016388?
614
Calculate the greatest common factor of 2150576 and 368.
16
Calculate the greatest common factor of 439370 and 65.
5
Calculate the highest common factor of 46692 and 936432.
36
Calculate the highest common factor of 29444432 and 8376.
2792
Calculate the greatest common divisor of 141660 and 51485540.
15740
Calculate the greatest common divisor of 465 and 4108020.
15
What is the highest common factor of 21804 and 1136844?
276
Calculate the highest common divisor of 21390 and 640320.
690
Calculate the highest common factor of 383532 and 2817723.
3093
Calculate the highest common factor of 113253 and 189.
21
Calculate the greatest common divisor of 20176 and 464778119.
1261
Calculate the highest common divisor of 5120 and 14490880.
1280
Calculate the greatest common factor of 808 and 276392.
8
Calculate the greatest common divisor of 1584240 and 6623960.
11480
Calculate the greatest common factor of 6732479 and 1235.
247
What is the greatest common divisor of 1014048 and 21420?
252
What is the highest common divisor of 52303 and 461077?
193
Calculate the highest common factor of 306559 and 649636.
961
What is the greatest common divisor of 17364433 and 9176?
1147
What is the highest common factor of 381163035 and 8415?
2805
Calculate the greatest common factor of 7622980 and 7910.
1130
What is the highest common factor of 153769 and 11886?
7
Calculate the highest common divisor of 39 and 9470409.
39
Calculate the greatest common factor of 4393 and 5033423.
191
Calculate the highest common factor of 64814 and 1922.
2
What is the greatest common divisor of 276120 and 518256?
4248
What is the highest common divisor of 631 and 223051559?
631
What is the greatest common divisor of 3740460 and 7440?
1860
What is the greatest common factor of 56 and 1772192?
8
Calculate the greatest common factor of 22162166 and 26.
26
Calculate the highest common divisor of 565 and 637433.
113
What is the greatest common divisor of 9404 and 111510281?
2351
Calculate the highest common divisor of 103 and 31193653.
103
What is the greatest common factor of 673931029 and 29?
29
What is the greatest common divisor of 1008 and 674281440?
1008
Calculate the highest common divisor of 3242448 and 163152.
1584
What is the highest common divisor of 4971321 and 297?
27
Calculate the highest common divisor of 974908 and 2112.
44
Calculate the greatest common factor of 341718 and 11570.
26
What is the highest common divisor of 2062285 and 130?
5
Calculate the greatest common divisor of 96838357 and 5929.
5929
What is the greatest common factor of 1068528 and 14916?
1356
What is the greatest common factor of 508365 and 461175?
2145
Calculate the greatest common factor of 5485020 and 45765.
1695
Calculate the greatest common divisor of 9842217 and 280833.
6531
What is the highest common factor of 795 and 63435?
15
What is the greatest common factor of 50780 and 776?
4
Calculate the highest common factor of 512708 and 196.
28
What is the highest common divisor of 17898 and 2688468?
942
What is the greatest common divisor of 8064 and 6259536?
144
What is the greatest common divisor of 98 and 248730706?
14
Calculate the highest common divisor of 4827225 and 156.
39
Calculate the highest common divisor of 3424806 and 13860.
1386
What is the greatest common factor of 3954756 and 2424?
1212
Calculate the greatest common factor of 110917136 and 608.
304
Calculate the greatest common divisor of 6187559 and 133.
133
What is the highest common divisor of 1050444 and 468?
36
What is the greatest common divisor of 588 and 486344992?
196
Calculate the greatest common factor of 174195 and 295.
5
Calculate the highest common factor of 44544 and 1259872.
32
Calculate the highest common factor of 59768 and 118792.
248
Calculate the greatest common factor of 3796 and 6451523.
13
Calculate the greatest common factor of 2000 and 3659200.
400
What is the highest common divisor of 115 and 1577961?
23
Calculate the greatest common divisor of 1289170274 and 1918.
1918
Calculate the highest common factor of 78315575 and 1105.
65
Calculate the greatest common divisor of 286 and 40080638.
26
Calculate the highest common factor of 46124 and 16459172.
3548
What is the highest common factor of 179330 and 88480?
790
What is the highest common divisor of 2947 and 312113823?
2947
Calculate the greatest common divisor of 240609919 and 55.
11
What is the greatest common divisor of 9184 and 224?
224
What is the greatest common divisor of 959172 and 1005?
201
Calculate the greatest common divisor of 12 and 14611428.
12
Calculate the greatest common divisor of 268779 and 112.
7
Calculate the highest common divisor of 34 and 699